ermine b(7).
10
Let a(t) = -7*t + 8*t - 2*t + 7. What is a(-7)?
14
Suppose -11 + 92 = -3*w. Let b(u) = -u**3 - 27*u**2 + u + 21. Give b(w).
-6
Let f(p) be the second derivative of 7*p**5/4 - p**4/6 + p**2/2 + 656*p. Calculate f(-1).
-36
Let y = -3 + 18. Suppose -y = -4*c + 1. Suppose l - 17 - 2 = -5*x, -4*x + 28 = c*l. Let p(a) = -2*a - 2. Determine p(x).
-8
Let q(g) = -247*g + 127*g - 32 + 123*g. Calculate q(18).
22
Suppose 0 = -3*o + 5*c - 6, 2*o - 1 = c - 5. Let n be o*3*1/(-2). Let q(l) = -6*l + 3. Let b(h) = -3*h + 2. Let t(v) = 5*b(v) - 3*q(v). Determine t(n).
10
Let j(f) = -f - 1. Suppose 0 = 3*t + 10 + 32. Let w(m) = 3*m + 3. Let n(d) = t*j(d) - 4*w(d). Let u be (-16)/5 - (-3)/15. Determine n(u).
-4
Let p(l) = -l**2 + 4*l - 1. Let h = -14 + 16. Suppose 5*u = -5*n - 10, -4*u + n + 2 = -h*u. Suppose 5*k + 20 = 0, u = 3*i + 4*k + 3 + 1. Give p(i).
-1
Suppose -5*p + f + 10 = -f, p + 15 = -3*f. Let o(v) = v**2 - v + 4. Determine o(p).
4
Let g(s) = 5*s**2 + 3*s + 1. Let p be g(-1). Suppose -p*k - 10 = 2*f - 7, 0 = 5*f. Let l(j) = -7*j - 1. What is l(k)?
6
Suppose -3 = 5*c + 3*z - 11, 0 = z - 1. Let r = c + 3. Suppose -r*w - 19 = -7. Let g(l) = -2*l - 2. Calculate g(w).
4
Suppose -3*q = -5 + 107. Let l = q + 35. Let n(s) = -4*s - 1. Give n(l).
-5
Let d(x) = 18*x - 3 - 11*x - x**3 - 4*x + x + 2*x + 4*x**2. What is d(4)?
21
Suppose 5*i - 1 = -3*y + 18, -3*i - 3 = -3*y. Let j(s) = -25*s**i + 5 + 26*s**2 - s + 10*s. Determine j(-6).
-13
Let i(u) be the third derivative of 0 + 0*u + 0*u**4 + 7*u**2 + 5/6*u**3 - 7/120*u**5. Let l(p) be the first derivative of i(p). Calculate l(1).
-7
Let l(t) be the third derivative of -t**5/60 - t**4/8 - 3*t**3/2 + 161*t**2. Calculate l(-6).
-27
Let v(m) = -4 + 3 + 63*m - 64*m. Calculate v(3).
-4
Let w be 1*-2 + 0 + 1. Let a(t) = -4*t**3 + 5*t**2 - 6. Suppose -5*d - 37 = 48. Let f(n) = 12*n**3 - 14*n**2 + 17. Let y(b) = d*a(b) - 6*f(b). Determine y(w).
3
Let z(p) = 5*p**3 + 37*p**2 + 5. Let a(d) = d**3 + 7*d**2 + 1. Let h(f) = 11*a(f) - 2*z(f). Calculate h(-2).
5
Suppose -4*m = 17 + 7. Let p(q) be the second derivative of q**5/60 + q**4/4 - q**3/2 - 15*q**2/2 + 4*q. Let v(d) be the first derivative of p(d). Give v(m).
-3
Let a(p) be the third derivative of p**6/120 - p**5/12 - p**4/24 + p**3 - 2*p**2 + 10*p. Let u(d) = -2*d**2 - d. Let h be u(1). Let v = 8 + h. Calculate a(v).
1
Let y(a) = 3*a + 307 - 158 - 162. Determine y(5).
2
Let w be (9 - -1)/20*1. Let g(i) be the first derivative of -2*i + 12 - w*i**2. What is g(-4)?
2
Let o(p) = p**3 + 5*p**2 - 6*p - 3. Suppose 3*x - 24 - 36 = 0. Suppose -w + 1 + 1 = 4*g, -4*w = 2*g + x. Calculate o(w).
-3
Let m(l) = l**2. Suppose 2*c - 4*t + 66 = 0, 0 = t - 2*t + 2. Suppose -5*i - 78 = -2*i. Let v = i - c. What is m(v)?
9
Let f(m) = -m**3 + m - 2. Let u be f(0). Let s(d) = -2*d - 3 - 3*d**2 - 7*d**2 + 3*d**2 + 10*d**2 - 4*d**2. What is s(u)?
-3
Let n(t) = 2*t - 14. Let x be 3*(-2 + (-12)/18). Determine n(x).
-30
Let h(q) = -4*q**3 + q + 1. Let d be h(-1). Suppose 0*k = d*k. Suppose -3 = 3*z + 6*i - i, 2*z - 2*i - 14 = k. Let g(f) = f. Determine g(z).
4
Let o(u) = -30*u**3 - 2*u**2 + u. Let k = 3 + -6. Let d be ((-6)/9)/(k - (-28)/12). Determine o(d).
-31
Let p(w) = -4*w**3 - 13*w + 10. Let i(s) = s**3 + 4*s - 3. Let k(v) = -7*i(v) - 2*p(v). Let h = -50 + 50. Let o be (0/(-1) - h) + (-5 - -3). Determine k(o).
-3
Let c(v) = 4*v**2 + 637552 - 3*v**2 + 4*v - 637551. Let r(k) = -5 - k - 11 + 2. Let h be r(-9). What is c(h)?
6
Let b(k) be the first derivative of -12 - 8*k + 7/2*k**2 - 1/3*k**3. Determine b(6).
-2
Let k(b) be the first derivative of b**2/2 - 2*b + 29. What is k(-6)?
-8
Let h(t) = -1026*t + 5 - 3 + 1023*t. Calculate h(-3).
11
Let w(s) be the second derivative of -s**4/8 + 7*s**3/6 - 6*s**2 - 12*s. Let q(i) be the first derivative of w(i). Give q(6).
-11
Let k(d) = 3*d - 5. Suppose 6*r = 4*r + 66. Let z(j) = -48*j + 81. Let i(c) = r*k(c) + 2*z(c). Let b = 582 - 580. Calculate i(b).
3
Let l be (0 + 1)*2*(1 + -2). Let u(c) be the first derivative of -c**5/20 - c**4/6 + c**2 + 3*c - 1. Let w(o) be the first derivative of u(o). Calculate w(l).
2
Let a(t) = -3*t. Let u be a(-5). Suppose 5*b + 15 = -u. Let p(y) = -3*y - 2. Let l(d) = -d - 1. Let c(v) = 4*l(v) - p(v). Calculate c(b).
4
Let n(j) = j**2 + 6*j - 5. Suppose -212 = 26*r - 56. Give n(r).
-5
Let d(h) be the second derivative of h**3/6 + 5*h**2 + h. Let w = 3866 + -3873. Determine d(w).
3
Let p(i) = 4*i**2 - 66*i - 28. Let s be p(17). Let q(d) = -d**3 + 7*d**2 - 6*d + 4. Give q(s).
4
Let x(u) = 5*u - 3. Let r(o) = -o + 3. Let q be r(0). Determine x(q).
12
Let t(f) be the third derivative of -f**5/120 - f**4/12 + 5*f**3/6 + 11*f**2. Let m(w) be the first derivative of t(w). Calculate m(4).
-6
Let g(k) be the third derivative of -k**4/12 + k**3/6 + 11*k**2. Let h(u) = -10*u + 4. Let a(n) = -11*g(n) + 2*h(n). What is a(3)?
3
Let c(g) = g - 28. Let o be 19 - (-11 + 8) - -1. Give c(o).
-5
Let q(y) = -y**2 + 14*y + 10. Let t(a) = -a**2 - 11*a - 16. Let g be t(-6). Calculate q(g).
10
Let b(m) = -11*m**3 - m**2 + 7*m - 2. Let v(x) = 13*x**3 - 7*x + 2. Let t(p) = 6*b(p) + 5*v(p). Determine t(-7).
-2
Let r(g) be the first derivative of -1/2*g**2 - 2*g + 7. Let u = -4 - -8. Determine r(u).
-6
Let t = -31 - -31. Let o(n) = -2*n + 1. Give o(t).
1
Let y(x) = -3*x + 3. Let r(a) = 16*a - 16. Let k(d) = -2*r(d) - 11*y(d). Let g be 10 - (-6 + -1)/(-7)*3. Calculate k(g).
6
Suppose 2*s + 0 = -2. Let w = -70 - -69. Let h be 1*(s - 0)/w. Let y(n) = -7*n**2 - n. Determine y(h).
-8
Let r(a) = a**3 - 2*a**2 + a + 2. Let q be r(0). Let w(b) = 5 - 8*b**2 + 4*b + 5*b**2 + 0*b**2 + q*b**2. What is w(6)?
-7
Let a(u) = 2*u**2 - 9*u + 7. Let g = -2116 - -2120. Determine a(g).
3
Let b be (-2)/(-24)*3 - (-138)/24. Let d(q) = -3*q + 2. Let m(y) = y. Let n(l) = b*m(l) + d(l). Give n(5).
17
Suppose -p + 2*p = 0. Let z = -3 + p. Let i(u) be the second derivative of u**3/6 - u**2 + 10*u. What is i(z)?
-5
Let i(c) = -c**3 + 25*c**2 + 13*c + 334. Let d be i(26). Let s(l) = 8*l + 26. Calculate s(d).
-6
Let n(c) = 8*c - 10. Let g be n(10). Let s = -77 + g. Let j(l) = l**2 + 8*l + 7. Give j(s).
0
Let s(h) = 2*h + 2. Let y = 5 - 7. Let c be -3 - (y + (3 - 4)). Suppose c*z + 9 = 3*z. Give s(z).
8
Suppose 0 = 5*o - 13*o - 6*o. Let b(y) = -2*y**2 + 2*y + 6. Calculate b(o).
6
Let x(f) = 3*f - 108. Let c(l) = 2*l**3 - 14*l**2 - 27*l + 122. Let t be c(8). Calculate x(t).
-6
Let n(c) = -14*c**3 - 2*c**2 - 7*c - 41. Let m(k) = -5*k**3 - k**2 - 2*k - 14. Let z(j) = 17*m(j) - 6*n(j). Suppose -6 = -22*i + 23*i. What is z(i)?
-4
Let u = 1040 - 12479/12. Let o(g) be the second derivative of 0 + 3/2*g**2 - u*g**4 + 1/3*g**3 - 5*g. What is o(3)?
0
Let l(y) = -7*y - 167. Let s be l(-24). Let a(f) = -5*f**3 + f. Give a(s).
-4
Let c(f) be the first derivative of -f**5/20 - 7*f**4/12 - f**3/6 - f**2/2 + 6*f - 3. Let p(r) be the first derivative of c(r). What is p(-7)?
6
Let v(f) = 3*f. Suppose 5 = 2*s + 1. Let g be s + (-6)/(30/25). Determine v(g).
-9
Suppose 3*n = 5*j - 3, 0 = 4*n - 16. Suppose -3*r = 3*d - 9 - j, -2*d = r - 5. Let t(y) = -11*y - 10*y + 18*y. Determine t(r).
-9
Suppose -100 + 100 = 5*u. Let z be -1 - (-2 - -1 - 1). Let b(p) = p**3 - 4 - p**2 - 4 + z. Calculate b(u).
-7
Let h(j) = j**2 - 3*j - 10. Let p be (-20)/70 - (-268)/7. Let f = -31 + p. What is h(f)?
18
Let l(z) = 5 - 32785*z**2 + z + 32783*z**2 - 2*z. Determine l(3).
-16
Let i = 577 - 573. Let j(k) = -k**3 + 4*k**2 + 2*k - 1. Give j(i).
7
Let f(t) = 9*t + 10. Let h(j) = -8*j - 9. Let i(u) = -6*f(u) - 7*h(u). Suppose 7*q - 21 = 4*q. Let w = q - 10. What is i(w)?
-3
Let b(a) be the second derivative of -a**3/6 + 23*a**2/2 + 146*a + 3. What is b(19)?
4
Let g(s) be the second derivative of -s**5/20 + 7*s**4/12 + 7*s**3/6 - s**2/2 + s - 37. Determine g(8).
-9
Let y(q) be the first derivative of q**2/2 + 3*q + 152. Determine y(-8).
-5
Suppose 158*w = -5*k + 157*w + 5, 4*k + 7 = -3*w. Let h(i) = 5*i**2 + i - 1. Let z(d) = 2*d**2. Let v(p) = -3*h(p) + 8*z(p). What is v(k)?
1
Let k = -102 - -98. Let f(d) be the first derivative of d - 4*d - 2*d**2 + d**2 + 1. Determine f(k).
5
Let u(p) = -p**2 - 2*p - 3. Let d(w) = w**2 + 13*w + 27. Let o be d(-10). Let s be u(o). Let y(b) = -b**2 - 6*b - 4. What is y(s)?